 is -134011 (base 5) in base 10?
-5506
Convert 236414 (base 7) to base 5.
2334312
Convert 1022344 (base 5) to base 6.
211424
What is 17a38 (base 11) in base 12?
12709
2341 (base 6) to base 5
4230
-2652 (base 11) to base 10
-3445
1031012 (base 6) to base 11
35163
What is 33c (base 15) in base 13?
444
-100010010 (base 2) to base 8
-422
What is -304244 (base 5) in base 16?
-26dd
Convert -1be0 (base 15) to base 9.
-8273
111210 (base 3) to base 15
19c
Convert -24503 (base 8) to base 15.
-31e3
Convert -355 (base 8) to base 10.
-237
Convert -8e1 (base 16) to base 4.
-203201
What is 110210 (base 8) in base 6?
443144
Convert -c99 (base 15) to base 7.
-11202
61b1 (base 13) to base 6
142251
Convert 3cc (base 16) to base 10.
972
-20012 (base 7) to base 12
-294b
Convert 547 (base 10) to base 4.
20203
-545040 (base 6) to base 11
-30a32
What is -12300 (base 4) in base 8?
-660
What is 1001001011 (base 2) in base 8?
1113
-2251 (base 13) to base 14
-1a6a
-748 (base 10) to base 14
-3b6
Convert -350 (base 16) to base 12.
-5a8
What is 8164 (base 9) in base 10?
5971
14012 (base 5) to base 14
5ac
Convert -10000011100000100 (base 2) to base 9.
-112323
What is 1916 (base 14) in base 15?
151d
Convert -9cc (base 13) to base 4.
-122121
Convert 14115 (base 6) to base 10.
2207
10539 (base 12) to base 15
6586
Convert -2033 (base 5) to base 3.
-100221
What is 32462 (base 8) in base 14?
4d6a
What is 101 (base 6) in base 5?
122
Convert 220200 (base 3) to base 5.
10131
What is 9592 (base 14) in base 4?
12103030
Convert 1121001212 (base 3) to base 15.
9482
Convert 11000 (base 4) to base 16.
140
Convert -2002012 (base 3) to base 15.
-6b2
What is -a3d (base 16) in base 11?
-1a73
Convert 11000010000100 (base 2) to base 9.
18030
Convert -4255 (base 11) to base 5.
-140001
1035 (base 9) to base 7
2135
101100000100001 (base 2) to base 11
15a50
What is 22200 (base 4) in base 7?
1650
What is 28 (base 12) in base 15?
22
1110101110 (base 2) to base 10
942
Convert 1240120 (base 5) to base 14.
8c78
Convert -15652 (base 9) to base 5.
-320424
-2178 (base 9) to base 6
-11242
What is -57cc (base 13) in base 15?
-39c6
Convert -42436 (base 9) to base 6.
-333523
126c (base 14) to base 15
e57
What is 110110010100010 (base 2) in base 5?
1342220
Convert aeb (base 15) to base 9.
3345
1120100 (base 3) to base 13
69c
-100010000 (base 2) to base 10
-272
Convert -12c1f (base 16) to base 8.
-226037
Convert 1432 (base 6) to base 15.
1a5
Convert -435 (base 11) to base 12.
-376
What is 112004 (base 5) in base 4?
332210
What is 111 (base 4) in base 10?
21
What is 230031 (base 4) in base 11?
2142
Convert 696 (base 15) to base 13.
8a9
What is -5115 (base 6) in base 13?
-689
What is -357 (base 15) in base 14?
-3c1
What is -967 (base 10) in base 12?
-687
Convert 1ab9 (base 12) to base 8.
6355
3210 (base 4) to base 15
103
Convert -2b33 (base 14) to base 6.
-55333
Convert -5656 (base 9) to base 10.
-4182
23322 (base 4) to base 8
1372
Convert 1037 (base 8) to base 11.
454
What is 2542 (base 8) in base 9?
1801
Convert -4413 (base 6) to base 4.
-33321
Convert 3012 (base 4) to base 5.
1243
-25506 (base 7) to base 8
-15160
Convert 6d (base 15) to base 10.
103
What is 6914 (base 10) in base 12?
4002
What is 400311 (base 5) in base 8?
30445
-1384 (base 11) to base 10
-1786
-2237 (base 8) to base 7
-3310
What is -23f (base 16) in base 14?
-2d1
What is 42661 (base 9) in base 4?
12321103
What is -100021102 (base 4) in base 10?
-66130
11302 (base 7) to base 3
10222011
What is 4504 (base 8) in base 16?
944
What is -20c (base 16) in base 15?
-24e
What is -118a (base 15) in base 16?
-e92
Convert -7067 (base 12) to base 4.
-2332033
Convert -1100100011 (base 2) to base 7.
-2225
What is -100100101010 (base 2) in base 3?
-10012220
What is 33002 (base 4) in base 7?
2543
1829 (base 15) to base 5
131324
Convert -1b17 (base 13) to base 10.
-4076
132 (base 10) to base 3
11220
7854 (base 9) to base 4
1122220
Convert fba (base 16) to base 9.
5463
144 (base 16) to base 15
169
1677 (base 8) to base 16
3bf
What is 30310020 (base 4) in base 15?
10843
What is 4d8 (base 14) in base 13?
59c
12531 (base 8) to base 11
4119
What is -758 (base 15) in base 4?
-121322
Convert 2100212 (base 3) to base 15.
79e
Convert 3552 (base 7) to base 11.
a92
What is 589 (base 14) in base 12?
779
Convert 1124 (base 7) to base 10.
410
What is 11010111100111 (base 2) in base 15?
414e
What is -544 (base 8) in base 3?
-111012
-1b8 (base 13) to base 11
-271
What is 331133 (base 5) in base 7?
45201
What is -244 (base 15) in base 9?
-631
What is 275 (base 14) in base 6?
2143
-11011101 (base 2) to base 10
-221
-12016 (base 8) to base 10
-5134
a17 (base 11) to base 9
1614
-21104 (base 11) to base 7
-155421
Convert 16d (base 16) to base 14.
1c1
297e (base 16) to base 5
314442
What is -23506 (base 9) in base 11?
-108a1
What is -31265 (base 8) in base 12?
-7619
Convert c45 (base 16) to base 4.
301011
-bea (base 16) to base 10
-3050
1415 (base 6) to base 8
563
What is 6416 (base 8) in base 11?
2569
Convert -1c9 (base 15) to base 10.
-414
Convert -237 (base 15) to base 16.
-1f6
400 (base 8) to base 7
514
What is -7 (base 11) in base 10?
-7
Convert 1761 (base 9) to base 13.
7cc
1721a (base 13) to base 4
22310031
What is 16093 (base 10) in base 4?
3323131
-221210010 (base 3) to base 9
-27703
Convert -1834 (base 10) to base 3.
-2111221
Convert -2012000 (base 4) to base 12.
-4b68
Convert -2230 (base 7) to base 2.
-1100100101
-20010 (base 8) to base 14
-2dba
513b (base 13) to base 15
34be
What is 2c8 (base 14) in base 13?
349
-17269 (base 10) to base 2
-100001101110101
-3843 (base 12) to base 2
-1100011110011
30535 (base 7) to base 11
5685
Convert -133 (base 4) to base 9.
-34
What is 109 (base 16) in base 5?
2030
Convert 10100000 (base 2) to base 8.
240
What is -13566 (base 7) in base 2?
-111010001011
Convert 122214 (base 5) to base 16.
124c
What is -284 (base 11) in base 3?
-110101
Convert -e18 (base 16) to base 7.
-13343
-714 (base 13) to base 5
-14300
Convert 773 (base 13) to base 15.
5a2
11022202 (base 3) to base 11
2406
Convert -1010011000 (base 2) to base 3.
-220121
What is -114 (base 10) in base 15?
-79
What is 2011001 (base 3) in base 16?
61f
Convert -59c0 (base 15) to base 4.
-10222020
-1645 (base 7) to base 3
-220211
What is -769 (base 11) in base 8?
-1632
Convert -32232 (base 4) to base 13.
-576
What is -4104 (base 5) in base 8?
-1021
Convert 3416 (base 11) to base 14.
18d0
Convert 1612 (base 8) to base 14.
48a
What is 103211 (base 4) in base 12?
885
Convert 274d (base 14) to base 13.
3200
Convert -28018 (base 12) to base 15.
-115cb
51c (base 13) to base 12
606
What is -1010110011100001 (base 2) in base 13?
-171b5
c14 (base 16) to base 7
12005
Convert -3033300 (base 4) to base 3.
-200020110
-102022210 (base 3) to base 15
-26a6
Convert 2474 (base 10) to base 4.
212222
Convert -53541 (base 6) to base 8.
-16245
What is 4a4 (base 14) in base 9?
1241
What is -5122 (base 7) in base 14?
-912
Convert -2220002 (base 3) to base 8.
-4074
Convert -327 (base 15) to base 13.
-42a
-20428 (base 9) to base 5
-412342
What is 210101 (base 3) in base 5?
4302
-1a454 (base 11) to base 6
-335530
Convert 201102 (base 3) to base 13.
314
What is -3121230 (base 4) in base 11?
-a516
Convert 12102 (base 4) to base 7.
1113
Convert -428 (base 9) to base 16.
-15e
220020101 (base 3) to base 5
1031133
Convert -5121 (base 8) to base 4.
-221101
-3a6 (base 11) to base 10
-479
Convert -233 (base 16) to base 14.
-2c3
What is 307 (base 10) in base 12?
217
What is 2021 (base 6) in base 15?
1ea
-6434 (base 16) to base 14
-94c4
-1ac (base 16) to base 14
-228
Convert 2235 (base 9) to base 4.
121310
1321120 (base 6) to base 8
216210
Convert -15544 (base 6) to base 11.
-1a3a
What is 13a2 (base 11) in base 8?
3416
What is -2b5 (base 16) in base 3?
-221200
Convert 2b7 (base 15) to base 10.
622
Convert 3276 (base 8) to base 4.
122332
-154b (base 14) to base 12
-223b
What is -11a5 (base 13) in base 15?
-b1b
-b69 (base 13) to base 5
-30241
What is -111100112 (base 3) in base 4?
-2120012
Convert 27b (base 13) to base 6.
2012
What is 22002120 (base 3) in base 14?
2217
-b6b (base 15) to base 16
-a10
10604 (base 7) to base 10
2699
What is -101110010001111 (base 2) in base 13?
-aa29
What is 4a6 (base 15) in base 3?
1110010
Co